l + 4*l. What are the prime factors of l?
31
Let k(b) = -1073*b + 154. What are the prime factors of k(-2)?
2, 5, 23
Let b(a) = -a**2 + 125*a - 88. List the prime factors of b(30).
2, 1381
Suppose -2*h + 4 = 10. Let p be (3 - (-9)/h) + 10. Suppose -b + p = -5. List the prime factors of b.
3, 5
Suppose 6*w - 2*w + 8 = 0, 5*h - w - 17 = 0. Suppose -4*j = -5*y + 33 + 99, -2*y + 50 = -h*j. What are the prime factors of y?
2, 7
Let f(q) be the first derivative of q**3/3 - 9*q**2 - 29*q + 9. What are the prime factors of f(20)?
11
Let g(h) = -16*h + 6. Let k be g(3). Let o = k - -63. List the prime factors of o.
3, 7
Let q(g) = -13*g - 28. Let h be q(-4). What are the prime factors of -1*(h/36 + (-341)/3)?
113
Suppose -4*s + 3*k + 8759 = 0, -s - 5*k + 2435 = 251. What are the prime factors of s?
11, 199
List the prime factors of (-7 + 6008/(-4))/(3/(-8)).
2, 503
Let u = 209 + -57. List the prime factors of u.
2, 19
Let s = -1093 + 2205. What are the prime factors of s?
2, 139
Suppose 0 = -4*z - 3*s - 42, s + 0*s = 5*z + 62. Let f(b) = -7 + 3*b + b - 5*b - b. What are the prime factors of f(z)?
17
Let n = 8113 + -4323. What are the prime factors of n?
2, 5, 379
Let b(o) = -2*o - 18. Suppose 7*h + 80 = 2*h + 3*r, -51 = 2*h - 5*r. List the prime factors of b(h).
2
Let p = -459 - -660. Suppose 0 = -3*m - 5*c + 2*c - p, -m = -3*c + 83. List the prime factors of -2*m/2 - 2.
3, 23
Let o(u) be the second derivative of u**5/120 - u**4/8 + u**3/3 + 5*u. Let z(h) be the second derivative of o(h). List the prime factors of z(5).
2
Let v(t) = -t + 0*t + 5*t - 5 + 11. What are the prime factors of v(15)?
2, 3, 11
Suppose 5*a - 225 = -2*n, 3*n = n. Suppose 0 = -3*y + 2*y - 3. Let w = a + y. What are the prime factors of w?
2, 3, 7
Let h(y) = 47*y - 33. What are the prime factors of h(8)?
7
Let r = 199 - 84. What are the prime factors of r?
5, 23
List the prime factors of (6100 - 56/(-4))*2/12.
1019
Let h = -442 + 876. List the prime factors of h.
2, 7, 31
Let s = 751 - 355. Suppose -7*i + s = -i. What are the prime factors of i?
2, 3, 11
Suppose 3*l - 15 - 6 = 0. Let y be 12*(2 + (-14)/(-4)). Suppose -l*v + y = -4*v. List the prime factors of v.
2, 11
List the prime factors of -1*7438/(-20) + 6/60.
2, 3, 31
Suppose -15 = -7*l + 3926. What are the prime factors of l?
563
Suppose -3*l = 3*r - 5*l - 26, 0 = 2*r + 5*l + 8. List the prime factors of (1/(-2))/(r/(-456)).
2, 19
Suppose 0*i + 2605 = 5*i. List the prime factors of i.
521
List the prime factors of 3/1 + (86 - (-2)/(-2)).
2, 11
Suppose 3*c + c = 8. Suppose m + c - 5 = 0, 4*w + 5*m = 87. Suppose v + 0 = w. What are the prime factors of v?
2, 3
Suppose -4*n - 76 = -3*n. List the prime factors of 3/((-3)/n) + -1.
3, 5
Suppose -3*r - 5*f + 65 = 0, 0 = -2*r + r + f + 11. Let m = r + -10. Suppose -m*s + 87 = -68. What are the prime factors of s?
31
Let o(l) = -l**3 + l**2 - l + 4. Let n be o(0). Suppose -3*p + 0 - 4 = -n*x, 3*p - 3*x + 3 = 0. Suppose -3*b + 0*b + 51 = p. List the prime factors of b.
17
Let p = -852 + 1823. What are the prime factors of p?
971
Let n = 41 + -39. Suppose 570 = -n*i + 7*i - 2*z, -2*z + 550 = 5*i. List the prime factors of i.
2, 7
Let i = 1830 + -1109. What are the prime factors of i?
7, 103
Let d = -5 - -8. Suppose -d*p = -5*q - 5 + 24, 9 = -3*p. Suppose 2*w - q*r = -7*r + 80, -5*r = -20. What are the prime factors of w?
2, 3, 5
Suppose -6*o + 2667 = -1149. List the prime factors of o.
2, 3, 53
Suppose -6 = 8*n + 2. Let i(p) = -108*p**3 - p**2 - p - 1. List the prime factors of i(n).
107
Let i(x) = -4*x**2 - 42*x - 55. Let c(h) = h**2 + 14*h + 18. Let p(r) = 7*c(r) + 2*i(r). List the prime factors of p(13).
29
List the prime factors of 15/(-3)*-1 + 502 + 5.
2
Suppose -33*b - 7920 = -51*b. List the prime factors of b.
2, 5, 11
What are the prime factors of -4*4/(-8) + 541?
3, 181
Let u(i) be the second derivative of i**7/2520 + i**6/144 - i**5/120 + i**4/12 - 2*i. Let t(l) be the third derivative of u(l). List the prime factors of t(-7).
13
Suppose -2*v - 8*p + 247 = -7*p, -p - 358 = -3*v. List the prime factors of v.
11
List the prime factors of 3/7 - (-497664)/378.
3, 439
Suppose 2*f = 6 - 4. What are the prime factors of (1/((-4)/80)*-5)/f?
2, 5
Suppose g - 4 = 6. Let m(z) = 3*z**2 - 24*z - 3. List the prime factors of m(g).
3, 19
What are the prime factors of 28350/49 - 4/7?
2, 17
Let n(x) = -10*x - 3. Let g be n(4). Let w = g + 49. What are the prime factors of w?
2, 3
Suppose -4 = -4*t + 8, 3*t = -5*l - 6. Let g be (l/(-1))/(-5 - -6). Suppose h - 1 = -0, -g*b + 226 = -5*h. What are the prime factors of b?
7, 11
What are the prime factors of ((-189)/(-28))/(18/960)?
2, 3, 5
Let m = 2116 - 919. List the prime factors of m.
3, 7, 19
What are the prime factors of (8/6)/(-11*3/(-198))?
2
Let w(x) = -x**3 - 1. Let r(n) = 2*n**3 + 5*n**2 - 15*n - 4. Let h(f) = -r(f) - w(f). List the prime factors of h(-8).
7, 11
Let y be (-2)/4*1*-358. Let p = 107 - y. List the prime factors of p/(-9)*1/2.
2
Let y be (-2)/8 + 1659/28. Let j = y + 6. What are the prime factors of j?
5, 13
Suppose -8 = 5*d - 18. Suppose -d*i - 2*i + 216 = 4*q, -3*q = -15. What are the prime factors of i?
7
Let l = 204 + -163. Suppose 39*q - l*q = -250. What are the prime factors of q?
5
Let c = 36 - 41. Let d(q) = -13*q - 25. What are the prime factors of d(c)?
2, 5
Suppose -9 = -4*y - 1. Suppose -w = s + 4*s - 49, 4*w = -5*s + 256. Suppose y*i - w = -i. What are the prime factors of i?
23
List the prime factors of 2 + 2 - 1815/(-5).
367
Suppose 2*j + 5*o + 32 = 0, j = -o + 4*o - 27. Let z(c) = -c**2 - 26*c + 29. What are the prime factors of z(j)?
2, 67
Suppose x = -b - 1, -2*x - 8 = 2*b + 3*x. List the prime factors of (-6408)/(-64) - b/8.
2, 5
Let f(j) = j**3 - 8*j**2 + j - 6. Let c(a) = -a**3 + 9*a**2 - 2*a + 6. Let g(h) = -3*c(h) - 4*f(h). Suppose 0 = 27*t + 53 - 161. List the prime factors of g(t).
2, 3, 5
Let o be (507/4)/((-3)/(-12)). Suppose -7*w - 31 = -o. List the prime factors of w.
2, 17
Let m be (-5 + 1)*(-21)/28. Suppose -2*p = m*p - 140. Let c = p + -16. List the prime factors of c.
2, 3
Suppose -6*v + 3898 = -230. List the prime factors of v.
2, 43
Let m(r) = -2*r + 22. Let y be (-24)/(2 + 8/(-2)). Let k be m(y). What are the prime factors of -4 + 4 - 4/k?
2
Let c(b) = -2*b - 4. Let o be c(-7). Let s(v) = 14*v + 36. What are the prime factors of s(o)?
2, 11
What are the prime factors of 28/(-21)*3 + 928?
2, 3, 7, 11
Suppose z + 5*h - 2*h - 2 = 0, -8 = -4*z + 4*h. Suppose -z*f - 720 = -8*f. What are the prime factors of f?
2, 3, 5
Let f(l) = 24*l - 44. What are the prime factors of f(11)?
2, 5, 11
Let x(d) = 808*d**3 - 2*d**2 - d + 4. List the prime factors of x(1).
809
Suppose -2*x = 3*l - 1618, -2*l - 5*x = -501 - 574. Suppose 0 = 22*o - 17*o - l. Let w = o - 58. What are the prime factors of w?
2, 5
Suppose -5*b = 15, -u + 2*b + 32 + 11 = 0. Suppose -3*l + 8*l - 25 = 0, 0 = 4*a - 3*l - u. What are the prime factors of a?
13
Let v be (-4)/(2/(0 + -2)). Suppose -v*t + 4*k = -t - 167, 0 = 4*t - 4*k - 224. List the prime factors of t/(-2)*2/(-1).
3, 19
Let s = 8913 + -4612. What are the prime factors of s?
11, 17, 23
Let k = -21 + 32. Let w = k + -12. Let l(q) = -18*q. What are the prime factors of l(w)?
2, 3
Suppose 187 - 1552 = -3*w. Suppose 12*l - w = 385. What are the prime factors of l?
2, 5, 7
Suppose 2*d = 2*s + 2, -3*d + 2 = s - 5*s. Let u = 5 + -3. Suppose -4*v = -4, -u*c + d*v + 139 = c. List the prime factors of c.
47
Let u(d) = -2*d**2 - 35*d - 16. Let j(a) = a**2 - 16. Let r be j(0). List the prime factors of u(r).
2
Let x(h) = h**3 - 6*h**2 + h + 1. Let n be x(8). Let o = 230 - n. Let z = o - 35. List the prime factors of z.
2, 29
List the prime factors of ((-2244)/20 + 3)*(-5 - 0).
2, 3, 7, 13
Let a = 83 - -16. What are the prime factors of a?
3, 11
Let n(i) = -222*i**3 - i - 1. Let c be n(-1). Suppose -49*x = -46*x - c. List the prime factors of x.
2, 37
Let c(x) = 31*x + 36. Let u be c(-5). Let p = 38 - u. List the prime factors of p.
157
Let j(x) = -x**2 + 2*x + 10. Let l be j(0). Let s(q) = -q**3 + 9*q**2 + 11*q - 8. Let v be s(l). Suppose -v*z + z + 38 = 0. List the prime factors of z.
2, 19
Let p = 36 - 31. Suppose -137 = -p*y + 3. List the prime factors of y.
2, 7
Let v = -123 - -